e prime factors of 1448321150.
2, 5, 109, 265747
List the prime factors of 1579962795.
3, 5, 105330853
What are the prime factors of 463428393?
3, 31, 137, 36373
What are the prime factors of 41271132?
2, 3, 7, 37, 271
List the prime factors of 2476689861.
3, 2441, 338207
List the prime factors of 469941101.
7, 67134443
What are the prime factors of 456725584?
2, 7, 821, 4967
What are the prime factors of 2554122198?
2, 3, 425687033
What are the prime factors of 3048249848?
2, 7, 54433033
What are the prime factors of 3406371580?
2, 5, 170318579
What are the prime factors of 132432475?
5, 7, 43, 17599
List the prime factors of 615736816.
2, 29, 1327019
List the prime factors of 23681985.
3, 5, 31, 50929
List the prime factors of 44939963.
44939963
List the prime factors of 522859186.
2, 499, 523907
What are the prime factors of 85560991?
29, 449, 6571
List the prime factors of 5493424417.
13, 11383, 37123
What are the prime factors of 33337602?
2, 3, 617363
List the prime factors of 2409549425.
5, 101, 954277
List the prime factors of 423837564.
2, 3, 181, 195137
List the prime factors of 6923444063.
61, 4211, 26953
What are the prime factors of 223973467?
29, 331, 23333
List the prime factors of 39040016.
2, 23, 106087
List the prime factors of 174161392.
2, 53, 59
List the prime factors of 62495388.
2, 3, 192887
List the prime factors of 193341762.
2, 3, 3580403
List the prime factors of 2433387949.
4019, 605471
List the prime factors of 176391321.
3, 37, 61, 109, 239
List the prime factors of 187662950.
2, 5, 1069, 3511
What are the prime factors of 47830?
2, 5, 4783
List the prime factors of 75323911.
13, 83, 69809
List the prime factors of 31373277.
3, 13, 804443
What are the prime factors of 5067261588?
2, 3, 422271799
What are the prime factors of 1124088082?
2, 13, 29, 1490833
List the prime factors of 26937660.
2, 3, 5, 269, 1669
What are the prime factors of 36838160?
2, 5, 460477
What are the prime factors of 42507760?
2, 5, 531347
List the prime factors of 95863612.
2, 13, 17, 6379
List the prime factors of 48756833.
17, 59, 48611
List the prime factors of 163480823.
11, 17, 874229
List the prime factors of 1346766085.
5, 7, 647, 59473
List the prime factors of 114212074.
2, 57106037
What are the prime factors of 46527800?
2, 5, 11, 21149
List the prime factors of 213168415.
5, 29, 43, 179, 191
List the prime factors of 290306805.
3, 5, 23, 181, 4649
List the prime factors of 49093913.
11, 89, 50147
List the prime factors of 590767736.
2, 13, 5680459
What are the prime factors of 621579225?
3, 5, 8287723
List the prime factors of 30682653.
3, 31, 359, 919
List the prime factors of 1073696942.
2, 536848471
List the prime factors of 334818496.
2, 149, 35111
List the prime factors of 7734777.
3, 2578259
List the prime factors of 219549350.
2, 5, 137, 32051
List the prime factors of 269711216.
2, 97, 173783
What are the prime factors of 2742073087?
13, 23, 398731
List the prime factors of 21885143.
7, 3126449
List the prime factors of 154086620.
2, 5, 7704331
What are the prime factors of 111222527?
13, 8555579
List the prime factors of 8342733092.
2, 9851, 211723
List the prime factors of 4473848451.
3, 37, 40304941
What are the prime factors of 165706670?
2, 5, 16570667
List the prime factors of 242022813.
3, 23, 73, 48049
List the prime factors of 920204880.
2, 3, 5, 7, 547741
What are the prime factors of 821489259?
3, 273829753
List the prime factors of 253019133.
3, 449, 773
What are the prime factors of 141614244?
2, 3, 37, 11813
List the prime factors of 320696605.
5, 601, 106721
What are the prime factors of 182970546?
2, 3, 11, 2772281
List the prime factors of 77915070.
2, 3, 5, 181, 4783
What are the prime factors of 67234184?
2, 17, 494369
List the prime factors of 70974622.
2, 103, 113, 3049
List the prime factors of 38373122.
2, 19, 1009819
What are the prime factors of 4861777?
19, 59, 4337
What are the prime factors of 38469466?
2, 7, 2747819
List the prime factors of 703797703.
7, 233, 431513
List the prime factors of 1860943836.
2, 3, 61, 97, 26209
What are the prime factors of 798254319?
3, 29, 9175337
List the prime factors of 37601549.
37601549
List the prime factors of 63814606.
2, 727, 43889
What are the prime factors of 347079429?
3, 17, 157, 14449
List the prime factors of 1185888285.
3, 5, 73, 361001
List the prime factors of 109498588.
2, 3671, 7457
What are the prime factors of 66027998?
2, 359, 91961
What are the prime factors of 328426593?
3, 11, 1583, 6287
What are the prime factors of 269743215?
3, 5, 7, 2568983
What are the prime factors of 40658785?
5, 8131757
List the prime factors of 394007521.
17, 131, 176923
List the prime factors of 1164951444.
2, 3, 1777, 54631
List the prime factors of 1687338339.
3, 19, 31, 954917
What are the prime factors of 1192727962?
2, 596363981
What are the prime factors of 722309778?
2, 3, 977, 13691
List the prime factors of 27719148.
2, 3, 263, 8783
What are the prime factors of 334157630?
2, 5, 33415763
What are the prime factors of 1167806662?
2, 11, 709, 74869
List the prime factors of 27594939.
3, 113, 81401
List the prime factors of 100644533.
11, 761, 1093
List the prime factors of 312931288.
2, 271, 144341
List the prime factors of 43308009.
3, 43, 47, 2381
What are the prime factors of 119743692?
2, 3, 37, 197
List the prime factors of 143079702.
2, 3, 1847, 12911
List the prime factors of 86339558.
2, 1091, 39569
What are the prime factors of 1476230369?
11789, 125221
What are the prime factors of 614657823?
3, 13, 15760457
List the prime factors of 7246685202.
2, 3, 293, 4122119
List the prime factors of 43670922.
2, 3, 1511, 4817
List the prime factors of 25201246.
2, 7, 67, 401
What are the prime factors of 471930235?
5, 7, 3527, 3823
List the prime factors of 300237872.
2, 11, 1705897
List the prime factors of 1699976174.
2, 13, 37, 443, 3989
List the prime factors of 125183128.
2, 7, 89, 25117
What are the prime factors of 114154963?
13, 47, 83, 2251
What are the prime factors of 10897990?
2, 5, 1089799
List the prime factors of 537653504.
2, 29, 72421
What are the prime factors of 135321923?
11, 1118363
List the prime factors of 198893043.
3, 1259, 5851
What are the prime factors of 120698725?
5, 7, 17, 29, 1399
What are the prime factors of 7453611472?
2, 23, 61, 332039
What are the prime factors of 23250710?
2, 5, 7, 193, 1721
List the prime factors of 684660410.
2, 5, 7, 2963, 3301
What are the prime factors of 598077102?
2, 3, 7, 17, 37, 22639
What are the prime factors of 5505953788?
2, 197, 6987251
List the prime factors of 270561546.
2, 3, 71, 7841
List the prime factors of 25410032.
2, 23, 29, 2381
List the prime factors of 653883009.
3, 13, 16766231
List the prime factors of 867777638.
2, 7, 13, 47, 229, 443
What are the prime factors of 207794568?
2, 3, 8658107
What are the prime factors of 87024004?
2, 653, 33317
List the prime factors of 32288962.
2, 107, 150883
List the prime factors of 2386923310.
2, 5, 238692331
What are the prime factors of 372048973?
2111, 176243
What are the prime factors of 6543513513?
3, 29, 331, 75743
List the prime factors of 128911902.
2, 3, 7, 29, 109, 971
What are the prime factors of 824464829?
149, 947, 5843
What are the prime factors of 4035823354?
2, 47, 42934291
What are the prime factors of 101707630?
2, 5, 1103, 9221
What are the prime factors of 2770282261?
2770282261
List the prime factors of 179118338.
2, 7, 12794167
List the prime factors of 1273011139.
31271, 40709
What are the prime factors of 146570516?
2, 829, 44201
List the prime factors of 1341211029.
3, 23, 19437841
List the prime factors of 729570081.
3, 29, 8385863
List the prime factors of 262358048.
2, 8198689
List the prime factors of 35101731.
3, 7, 1671511
What are the prime factors of 1835047066?
2, 24007, 38219
What are the prime factors of 114959075?
5, 7, 11, 61, 89
What are the prime factors of 64726025?
5, 7, 13, 23, 1237
List the prime factors of 134822662.
2, 13, 5185487
List the prime factors of 1727087142.
2, 3, 11, 967, 27061
List the prime factors of 834454999.
7, 5167, 23071
What are the prime factors of 195745572?
2, 3, 11, 4993
What are the prime factors of 1722018457?
1722018457
List the prime factors of 5549966.
2,